6*d**2 - 6*d**2 - 12*d**2 - 14*d + 3*d**2 + 20 + 16*d**3. Let m(k) = -2*l(k) + 11*q(k). Determine m(3).
-2
Let q(o) = -3*o**2 - o. Let n be q(-1). Let f = -1 + n. Let u(g) = g**2 + 2*g + 2. Calculate u(f).
5
Let z(w) = -3*w + 2. Let r be z(-4). Let k be 2/7 - 46/r. Let i(g) = -g**2 - 5*g - 3. Calculate i(k).
3
Let z(b) = 2*b**2 - 3*b + 3. Suppose -5*o = -3*y - 24, -2*o - 2*y = -6*y - 18. What is z(o)?
12
Let u(z) = -2*z**3 + 4*z**2 - 2*z. Let j be (7 + -17)*(-18)/15. Let a(l) = l - 10. Let p be a(j). Give u(p).
-4
Let x(c) = -c + 12 - 13 - 4*c + 3*c. Determine x(1).
-3
Let k be (1/2)/(3/(-18)). Let n(t) = t**3 - 4*t**2 + 3*t + 5. Let g(u) = 3*u**3 - 11*u**2 + 8*u + 14. Let o(m) = 6*g(m) - 17*n(m). Give o(k).
-1
Let h = -2 + -2. Let n(r) be the third derivative of -r**4/12 - r**3/6 - 6*r**2. What is n(h)?
7
Let j(k) be the second derivative of k**4/24 - k**3 - 3*k**2/2 + 3*k. Let w(r) be the first derivative of j(r). What is w(5)?
-1
Let u(p) = -p. Let r(f) = -6*f + 7. Let m(n) = r(n) - 5*u(n). Let t be m(5). Let a(x) be the first derivative of -2*x**3/3 + 3*x**2/2 - x + 1. Determine a(t).
-3
Let l = -16 + 17. Let h(x) = x**3 - x**2. Give h(l).
0
Let i(k) be the second derivative of -k**5/20 + 7*k**4/12 - 7*k**3/6 - k**2 - k. Suppose 12 = 4*m - 3*l, 2*m - 3*m - 6 = -3*l. Determine i(m).
-8
Let d(c) = 3*c + 2. Suppose -10*u - 30 = -10. Calculate d(u).
-4
Let a(k) = -k**3 - 6*k**2 - k - 6. Suppose 9*p - 16 = 5*p. Suppose -p*n - 6 = -3*n. Determine a(n).
0
Let c(w) = -5*w + 5*w + 5 - w. Calculate c(-5).
10
Let m(d) = 0 - 1 + 6*d - 4*d**2 + 3*d**2. Suppose 5*y = 4*f + 21, -5*y = -y - 2*f - 18. Give m(y).
4
Let g(m) = m + 5. Let i be 4/(-14) - 33/7. Calculate g(i).
0
Let x(l) = l**3 - 4*l**2 + 3*l + 3. Let n be x(3). Let k = -2 - -4. Let q(c) = 1 + k*c - n*c + 0. Determine q(-5).
6
Let g(f) be the second derivative of -f**4/12 + f**3/6 - f**2 - 6*f. Let c(y) be the second derivative of -y**3/6 - 3*y**2 + 2*y. Let h be c(-8). Give g(h).
-4
Let k(p) = p**3 + 11*p**2 - 11*p + 6. Let n be 3/(78/4) - 474/39. What is k(n)?
-6
Let h(o) = -2*o - 2. Let a be 3 + 3 + -2 + 0. Calculate h(a).
-10
Let q(c) = -4*c - 2. Let d(v) = 7*v + 3. Let h(y) = -3*d(y) - 5*q(y). Let x(l) = l**3 + 39*l**2 + 5*l + 199. Let s be x(-39). What is h(s)?
-3
Suppose -v = -4, 3*d = 5*v - 17 - 12. Let l(p) = p. Determine l(d).
-3
Let n(w) = w**2 - 1. Let q(t) = -6*t**2 + t + 7. Let a(s) = 5*n(s) + q(s). What is a(-2)?
-4
Let y(g) = -2*g - 15. Let l be y(-5). Let k(s) = -s - 1. Give k(l).
4
Let h(a) = -5*a**3 + 3*a - 1. Let v(i) = i**3 - i**2 - 1. Let z(n) = -h(n) - 4*v(n). Let m be z(-5). Let c(f) = -f**2 - 5*f + 1. Determine c(m).
1
Let x(s) = s**2 + 5*s - 13. Let h be x(-7). Let v(o) = -2*o**2 + o - 1. Determine v(h).
-2
Let m(y) = y - 5. Let u = 74 - 68. Determine m(u).
1
Let g = 16 + -11. Let q(j) be the first derivative of -5 - 2*j + 1/3*j**3 - 3/2*j**2. Determine q(g).
8
Let b(p) = 16*p + 13. Let m(v) = 4*v + 3. Let c(n) = 2*b(n) - 9*m(n). Let o = 1 - -1. Give c(o).
-9
Let i be (1/3)/((-12)/(-252)) + -4. Let r(y) = y**2 - 2*y + 3. What is r(i)?
6
Let t(x) = -x**2 + x - 2. Let w be 162/(-21) - 4/14. Let g = w + 6. Let a be -1 - g - (4 - 6). Determine t(a).
-8
Suppose 5*g = 4*a + 17, 0*g - 14 = -2*a - 2*g. Let c(w) = -w**3 + 1. Give c(a).
-7
Let r(f) be the second derivative of 0 + f**2 + 1/12*f**4 + 4*f + 5/6*f**3. Give r(-6).
8
Let c = -3 + 6. Let w(i) be the first derivative of -i**3/2 + 3*i**2/2 + 2*i - 2. Let f(k) be the first derivative of w(k). Determine f(c).
-6
Let g be 1/(-2)*6 + 2. Let n(o) = 5*o**3 - o**2 - o - 1. Determine n(g).
-6
Let v(h) = -h**3 + h**2 - h + 2. Let y(w) = -w**2 - w. Let l be y(2). Let r be 2/(-4) - 15/l. Calculate v(r).
-4
Let g(u) be the third derivative of -u**6/120 + 2*u**5/15 - u**4/3 - 5*u**3/6 + 45*u**2. Give g(7).
-12
Let y = -1 + 4. Let j(q) = 4*q**2 + 4*q - q**y - 5*q**2 + 1 - 4*q. Give j(0).
1
Let f be (-4)/(-10) - 56/(-10). Let q(z) be the third derivative of 5/24*z**4 + 0 + 0*z - 7/60*z**5 + 3*z**2 + 2/3*z**3 + 1/120*z**6. Calculate q(f).
-2
Let p(v) = 2*v**3 - v**2 + v - 2. Let w be (-28)/21*(-9)/4. Suppose -w*i = -8*i + 10. What is p(i)?
12
Let p be 12/(-14)*(10/2 + 2). Let d(z) = z**2 + 4*z + 1. Determine d(p).
13
Let c(q) be the third derivative of q**5/30 + q**4/6 + q**3/2 - q**2. Let n = -20 - -13. Let k = 4 + n. Calculate c(k).
9
Suppose 4*t = -3*r - 6, t - 2 + 1 = -2*r. Suppose 3*q + 2*w + 4 = 9, -4*w - 30 = -r*q. Let y(j) = -j**2 + 6*j - 5. What is y(q)?
0
Let a(h) = h**2 - 5*h + 4. Let t(u) be the third derivative of -u**5/60 + 5*u**4/24 - u**3/2 - 2*u**2. Let y(r) = -2*a(r) - 3*t(r). Give y(6).
7
Suppose -3*u = -u - 6. Let t(b) = b**3 - 6*b**2 + 0 - u*b**2 + 1. Let j be t(9). Let s(g) = g**2 - 1. Calculate s(j).
0
Let c(q) = 16*q**3 + 46*q**2 + 20*q + 40. Let h(p) = 3*p**3 + 9*p**2 + 4*p + 8. Let s(z) = -2*c(z) + 11*h(z). Determine s(-7).
-20
Suppose -4*z - m = -20, 5*m - 2 = -z + 3. Let s(j) = -j**2 + 6*j + 4. Determine s(z).
9
Let s(t) = 210*t + 1 + 2*t**2 - t**2 - 207*t. What is s(-3)?
1
Let s(u) be the first derivative of -u**4/4 + 3*u**3 - 5*u**2 + 12*u + 4. Let y be s(8). Let f(g) = -g**3 - 5*g**2 - 4*g - 3. Calculate f(y).
-3
Let b(n) be the third derivative of n**5/60 - n**4/12 - 5*n**3/6 - 5*n**2. Calculate b(4).
3
Let y be (-1)/4 - 30/8. Let i(o) = o**2 - 4*o - 2. Let q be i(5). Let l(j) = 5 + 0 - j**2 - q*j - 2. Give l(y).
-1
Let y(g) be the second derivative of 0 + g + 1/12*g**4 + g**2 + 1/2*g**3. Give y(-3).
2
Let g be ((-7)/((-7)/6))/(-2). Let t(w) = w**2 + 2*w - 1. Give t(g).
2
Let b(t) = -5*t**3 - 2*t**2 + 1. Let v be b(1). Let o(p) = p**3 + 6*p**2 - 7. Determine o(v).
-7
Let r(y) be the second derivative of y**5/20 - y**2/2 - 68*y. What is r(1)?
0
Let l(c) = -c - 1. Let d be l(1). Let p(v) be the third derivative of -v**5/60 - v**3/6 + 5*v**2. Calculate p(d).
-5
Suppose 3*p + 2*h + 6 = -h, 2*p - 5*h + 4 = 0. Let v(g) = g + 1. Give v(p).
-1
Let h(t) = 4 + 24*t - 3*t**2 + 2*t**2 - 22*t. Determine h(5).
-11
Let q be ((-18)/6)/((-6)/8). Let h(w) be the third derivative of -1/6*w**3 - 1/24*w**4 + 1/60*w**5 + 0 + 0*w - q*w**2 - 1/60*w**6. What is h(-1)?
3
Let l(a) be the third derivative of 3*a**4/4 - a**3/6 - 6*a**2. Give l(-1).
-19
Suppose -33 = -3*v + 12. Suppose -4*g - v = 1. Let o(c) = -2*c - 4. Calculate o(g).
4
Let n(c) = 4*c**2 - c + 1. Suppose -5*g = 0, -3*q + 3*g + 4 = -q. Suppose 5*b - q*b - 12 = -2*a, -5*b = -10. Suppose a*p = 7*p - 4. Calculate n(p).
4
Let a(y) be the first derivative of -1/2*y**3 + 2*y**2 - 3 - y. Let w(p) be the first derivative of a(p). Determine w(4).
-8
Let u(q) = q**3 - 6*q**2 - 8*q + 9. Let d be u(7). Let g(p) = d*p + 2*p - p**3 - 21*p**2 + 24*p**2. Let k be 4/(1 - 0/2). What is g(k)?
0
Let t(b) = 4*b - 10. Let c be t(2). Let o(d) = -d + 1. Let h(k) = -6*k + 1. Let j(x) = h(x) - 2*o(x). Determine j(c).
7
Suppose -4*j + 2 = -7*j + 4*c, 5*c = 5*j. Let l(n) = 33 + 4*n - n - 35 - j*n. What is l(6)?
4
Let t(y) = 4 - 4 + y**3 + 5*y**2 - 5. Let s = -21 - -17. Determine t(s).
11
Let j(i) = -i**3 - 2*i**2 + 2*i - 1. Let a(w) be the second derivative of -1/2*w**2 + 2*w + 1/6*w**3 - 1/20*w**5 + 0 - 1/12*w**4. Let k be a(-2). Give j(k).
-2
Let w(g) = 1 + 1 + 0 + g - 6. Calculate w(7).
3
Let o be 0 + (-4)/(-26) + 2/(-13). Let c(t) = t**2 + 16. Determine c(o).
16
Let y = 5 - 11. Let g(h) = -h + 11. Let b(f) = f - 12. Let j(v) = y*g(v) - 5*b(v). Calculate j(5).
-1
Let h(i) = 4*i**3 + 3*i - 5*i**2 - 3*i**3 + 1 - 3*i**3 + 3*i**3. Let m be 16/2*(-2)/(-4). Give h(m).
-3
Let b(i) = -2*i**2 - 14*i - 5. Let w(s) = s**2 - 4*s - 12. Let j be w(5). Let q be b(j). Let m(o) = -o - 1. Give m(q).
4
Let p(n) be the first derivative of -n**4/8 - 2*n**3/3 + n**2 - 2. Let x(g) be the second derivative of p(g). Calculate x(-3).
5
Let r = -57 + 60. Let y(c) be the second derivative of -1/20*c**5 + 3/2*c**2 + 0 + c - 1/3*c**r + 5/12*c**4. What is y(4)?
11
Suppose 0 = 5*c + 4*n - 12, 0*c + 4*n - 12 = 2*c. Suppose c*h = h + 3. Let v(y) = y**3 + 3*y**2 - y + 2. Determine v(h).
5
Let f(d) = 2*d**3 + 2 - 2*d**2 + 5 - 8. Let r(s) = s**3 + s - 1. Let j(i) = f(i) - r(i). Let b = 5 + -3. Give j(b).
-2
Let y(m) = -5*m - 8. Let f(t) = -4*t - 8. Let x(c) = 6*f(c) - 5*y(c). Calculate x(6).
-2
Let n(a) = -a**3 - 5*a**2 - 2